 what is -295059 + 2?
-295057
In base 7, what is -3246 - -4605?
1326
In base 5, what is 21311 + 1244?
23110
In base 2, what is 11011000100101 - 1101?
11011000011000
In base 9, what is -488 - -2220?
1621
In base 12, what is 11b81 - -16?
11b97
In base 7, what is 4061 + 21?
4112
In base 3, what is 1012022120020 + 11?
1012022120101
In base 16, what is -c48 + 37?
-c11
In base 4, what is 132 + 12321130?
12321322
In base 9, what is 31 + -318?
-277
In base 4, what is -10 - 30333?
-31003
In base 12, what is -5 - -5b408?
5b403
In base 15, what is -18eb3 + e?
-18ea4
In base 12, what is -602b - 2?
-6031
In base 13, what is 100a - -193?
11a0
In base 15, what is -80 - 54?
-d4
In base 15, what is -3 - -1c93?
1c90
In base 12, what is 64277a + 4?
642782
In base 14, what is 469 + 43d?
8a8
In base 13, what is 425 - 16?
40c
In base 9, what is -3537 + -330?
-3867
In base 9, what is 4270 + -12?
4257
In base 9, what is 65 + -1557?
-1482
In base 9, what is 10215 - 268?
8836
In base 14, what is 85 + 562a?
56b1
In base 7, what is 265 + 66160?
66455
In base 14, what is 160 - 284?
-124
In base 10, what is 1093809 - -2?
1093811
In base 12, what is -4 + 53a472?
53a46a
In base 9, what is 1480 + 63?
1553
In base 2, what is -10110111000101001100 + -100?
-10110111000101010000
In base 16, what is -5 - -a62?
a5d
In base 5, what is -13104 - -1334?
-11220
In base 11, what is -5694 - -19?
-5676
In base 2, what is -1000001 - -1111010011?
1110010010
In base 13, what is 2 - 24a57?
-24a55
In base 6, what is -24 + 13302?
13234
In base 6, what is 1034155 - -2?
1034201
In base 9, what is 4 - 568?
-564
In base 8, what is 37 + 152125?
152164
In base 16, what is 40f - 11?
3fe
In base 7, what is 2 - 2614405?
-2614403
In base 12, what is -1177b - -1?
-1177a
In base 10, what is 1382657 - 3?
1382654
In base 12, what is ab7 + -77?
a40
In base 15, what is -2 + -dad14?
-dad16
In base 4, what is 1102023 - -1131?
1103220
In base 10, what is 3748 - -238?
3986
In base 8, what is -7241425 + 5?
-7241420
In base 5, what is 142 + -14200?
-14003
In base 10, what is -2244 + -2388?
-4632
In base 2, what is 11110010010011 - 1010?
11110010001001
In base 3, what is -2201 + 1211001?
1201100
In base 11, what is 421a + 18?
4237
In base 9, what is 643 + -63?
570
In base 7, what is 104260 - -55?
104345
In base 16, what is 43d + 8e?
4cb
In base 10, what is 18110 - -18?
18128
In base 15, what is -451 + -c9?
-52a
In base 3, what is 221 - 1210202010?
-1210201012
In base 8, what is 7 + 123530?
123537
In base 9, what is 4 - 4008?
-4004
In base 15, what is 44b - 7a?
3c1
In base 9, what is 157 + 16523?
16681
In base 13, what is -b + 783?
775
In base 16, what is -23195 - -6?
-2318f
In base 2, what is -101000101010001 + -10101?
-101000101100110
In base 6, what is -210 + -54?
-304
In base 10, what is 16 - 20607?
-20591
In base 12, what is -39343 - -22?
-39321
In base 14, what is 1 - -368?
369
In base 6, what is 55001 + -22?
54535
In base 8, what is 15333 + -25?
15306
In base 12, what is -1080 + -8?
-1088
In base 3, what is 1222122012001 + -10?
1222122011221
In base 5, what is -11413 - 113?
-12031
In base 12, what is -2148 - -19?
-212b
In base 5, what is 32 - -40132?
40214
In base 11, what is 120823 + 4?
120827
In base 9, what is 112246 + -5?
112241
In base 2, what is -10110100100110 + 0?
-10110100100110
In base 8, what is -1 - 22520?
-22521
In base 6, what is 20553003 - -1?
20553004
In base 16, what is -18 + -1003?
-101b
In base 3, what is -101020000002 + 211?
-101012222021
In base 9, what is 5118 - 516?
4502
In base 14, what is 0 + -53792?
-53792
In base 7, what is 2 + 103244?
103246
In base 13, what is 33c + 158?
497
In base 8, what is 74 - -2143?
2237
In base 7, what is -106344 + 30?
-106314
In base 2, what is 1 + -1001101100101111?
-1001101100101110
In base 5, what is -1 + -100022412?
-100022413
In base 12, what is 9 + -2a6?
-299
In base 4, what is -110132020 + -11?
-110132031
In base 16, what is -199a4 + 3?
-199a1
In base 3, what is 20020 - 21112222?
-21022202
In base 16, what is -4 - 33fd?
-3401
In base 2, what is 111100111010110011 - -1011?
111100111010111110
In base 10, what is -3 - 49248?
-49251
In base 4, what is -102 - -3000121?
3000013
In base 8, what is 2 - 32733?
-32731
In base 16, what is -79abb - -5?
-79ab6
In base 5, what is 1 + -4100011?
-4100010
In base 12, what is -1a + 8343?
8325
In base 11, what is 106 + a8?
203
In base 5, what is 111 + 3?
114
In base 3, what is 121 + 101000200?
101001021
In base 5, what is 1043013043 - 0?
1043013043
In base 6, what is -4 + 1340104?
1340100
In base 4, what is -2001113302 + -1?
-2001113303
In base 3, what is 12 - -100101210?
100101222
In base 2, what is -1010100111011 + -1100?
-1010101000111
In base 4, what is 13122 + -103?
13013
In base 11, what is -1a687 + 2?
-1a685
In base 4, what is 11201333 + -102?
11201231
In base 16, what is 233b7 + -3?
233b4
In base 14, what is 9 + 556?
561
In base 4, what is -2200 - 202123?
-210323
In base 5, what is 21 + 1211434?
1212010
In base 8, what is -274 + 100134?
77640
In base 3, what is -10002020 + 10121?
-2221122
In base 7, what is -4565502 - 0?
-4565502
In base 13, what is -14867b - -4?
-148677
In base 5, what is 1 + 24343?
24344
In base 5, what is -2 - -44002220?
44002213
In base 15, what is -113c + -14?
-1151
In base 6, what is 10204332 + -40?
10204252
In base 8, what is 1771000 + -1?
1770777
In base 10, what is -2 + -11645?
-11647
In base 2, what is 11000001000 - 100011001101?
-1011000101
In base 14, what is 7d1 + 5?
7d6
In base 16, what is 4 + -f5a2f?
-f5a2b
In base 5, what is 2 + -243314?
-243312
In base 15, what is -1e047 + -20?
-1e067
In base 12, what is 63094 + 3?
63097
In base 8, what is -210 - -2460?
2250
In base 13, what is 1 - -485bb?
485bc
In base 14, what is -655c - 0?
-655c
In base 10, what is -2434 - -8?
-2426
In base 8, what is -2320242 - 3?
-2320245
In base 16, what is 6 - be9e?
-be98
In base 7, what is 2531603 + 5?
2531611
In base 8, what is 542 + 527?
1271
In base 16, what is -5 - -bc0?
bbb
In base 15, what is 2 - -95b47?
95b49
In base 14, what is 315127 - -4?
31512b
In base 12, what is -39a10 + 5?
-39a07
In base 8, what is 66444 + -3?
66441
In base 5, what is 2323 + -33134?
-30311
In base 10, what is 9809 + -35?
9774
In base 13, what is 162 + 1c?
181
In base 3, what is 21 + -1011220?
-1011122
In base 12, what is 395950 + 5?
395955
In base 7, what is -1626 - -344?
-1252
In base 13, what is -7 + -1208a?
-12094
In base 9, what is 7 + -15361?
-15353
In base 11, what is 59711 - -4?
59715
In base 4, what is 130113 + 1021?
131200
In base 8, what is 210740 - 0?
210740
In base 7, what is -131 + -44?
-205
In base 15, what is 3 + -151924?
-151921
In base 8, what is -3 - -23404?
23401
In base 11, what is 3 - -9415?
9418
In base 10, what is 11234 + -90?
11144
In base 11, what is -12 - -3232?
3220
In base 12, what is 5 - 50a0b?
-50a06
In base 2, what is -100 - 101101101101101?
-101101101110001
In base 7, what is -2 + 101024?
101022
In base 3, what is 22200102 + -210?
22122122
In base 2, what is -10011011010101110 + 0?
-10011011010101110
In base 11, what is 32673 + 0?
32673
In base 12, what is -6 + -62455?
-6245b
In base 5, what is -44444233 + -1?
-44444234
In base 10, what is 14 + 20704?
20718
In base 5, what is 24 - 32120?
-32041
In base 12, what is -4 - -7320?
7318
In base 9, what is 3 + -48284?
-48281
In base 4, what is -12331 + 13020?
23
In base 11, what is 7348a - 18?
73472
In base 3, what is -11112012 + 10?
-11112002
In base 2, what is 11011001 - -111101?
100010110
In base 7, what is 404 + -22261?
-21554
In base 8, what is 245 + -40?
205
In base 2, what is -101 + -10101110100000?
-10101110100101
In base 8, what is -4 - 24436?
-24442
In base 12, what is 34 + 182b8?
18330
In base 10, what is 34 + -1611?
-1577
In base 13, what is -b62 - -49?
-b16
In base 4, what is 3331 - 21113?
-11122
In base 9, what is 206558 + 12?
206571
In base 16, what is 140b + -1b?
13f0
In base 15, what is 1 - 413bd?
-413bc
In base 4, what is -2002 - 2233?
-10301
In base 8, what is 41706 - -2?
41710
In base 3, what is 1202011002201 - 11?
1202011002120
In base 9, what is 276 + -5681?
-5404
In base 15, what is 0 - -2817?
2817
In base 14, what is 7 - -26b?
274
In base 5, what is 332 - -31240?
32122
In base 7, what is 1042 + -2501?
-1426
In base 5, wha